e factors of 13594030.
2, 5, 353, 3851
What are the prime factors of 176365?
5, 7, 5039
What are the prime factors of 5160539?
31, 61, 2729
List the prime factors of 44736.
2, 3, 233
List the prime factors of 1431491.
1431491
List the prime factors of 10889206.
2, 157, 34679
What are the prime factors of 318949?
318949
List the prime factors of 2427117.
3, 7, 11, 19, 79
List the prime factors of 100938.
2, 3, 16823
List the prime factors of 7179357.
3, 2393119
What are the prime factors of 507915?
3, 5, 11287
What are the prime factors of 2137797?
3, 179, 1327
List the prime factors of 125536.
2, 3923
List the prime factors of 218074.
2, 109037
What are the prime factors of 1406363?
7, 200909
What are the prime factors of 23436972?
2, 3, 13, 16693
List the prime factors of 536494.
2, 7, 38321
What are the prime factors of 338664?
2, 3, 103, 137
List the prime factors of 1345224.
2, 3, 23, 2437
List the prime factors of 435588.
2, 3, 36299
List the prime factors of 458460.
2, 3, 5, 283
List the prime factors of 130088.
2, 7, 23, 101
List the prime factors of 6115.
5, 1223
List the prime factors of 11199312.
2, 3, 77773
What are the prime factors of 12717615?
3, 5, 17, 53, 941
List the prime factors of 35328.
2, 3, 23
What are the prime factors of 1087287?
3, 362429
List the prime factors of 1256457.
3, 418819
List the prime factors of 370664.
2, 7, 6619
List the prime factors of 76008.
2, 3, 3167
What are the prime factors of 16653?
3, 7, 13, 61
List the prime factors of 16677937.
43, 83, 4673
List the prime factors of 1115813.
19, 58727
What are the prime factors of 35285?
5, 7057
List the prime factors of 2646468.
2, 3, 11, 41, 163
List the prime factors of 4461984.
2, 3, 15493
What are the prime factors of 43315?
5, 8663
List the prime factors of 472927.
7, 13, 5197
What are the prime factors of 5157446?
2, 7, 52627
List the prime factors of 97752.
2, 3, 4073
List the prime factors of 169150.
2, 5, 17, 199
List the prime factors of 3102361.
853, 3637
List the prime factors of 9934426.
2, 17, 37, 53, 149
List the prime factors of 249671.
249671
What are the prime factors of 26022997?
7, 11, 13, 25997
List the prime factors of 4380625.
5, 43, 163
List the prime factors of 89420.
2, 5, 17, 263
What are the prime factors of 2550893?
277, 9209
List the prime factors of 1223391.
3, 13, 19, 127
List the prime factors of 1054798.
2, 527399
What are the prime factors of 249628?
2, 17, 3671
List the prime factors of 459905.
5, 59, 1559
What are the prime factors of 240516?
2, 3, 17, 131
List the prime factors of 3122687.
23, 5903
List the prime factors of 1996708.
2, 7, 29, 2459
What are the prime factors of 5622971?
17, 23, 73, 197
List the prime factors of 6691096.
2, 836387
List the prime factors of 5021455.
5, 37, 27143
What are the prime factors of 824111?
271, 3041
List the prime factors of 1194614.
2, 597307
What are the prime factors of 10120446?
2, 3, 7, 31, 2591
List the prime factors of 478401.
3, 7, 11, 19, 109
List the prime factors of 551304.
2, 3, 13, 19, 31
What are the prime factors of 2890903?
1019, 2837
List the prime factors of 155720.
2, 5, 17, 229
What are the prime factors of 2242725?
3, 5, 17, 1759
List the prime factors of 2558954.
2, 131, 9767
List the prime factors of 197347.
197347
What are the prime factors of 3360912?
2, 3, 70019
List the prime factors of 95044.
2, 23761
List the prime factors of 67949.
7, 17, 571
What are the prime factors of 2260633?
2260633
List the prime factors of 134438.
2, 67219
List the prime factors of 594411.
3, 347, 571
List the prime factors of 110266.
2, 13, 4241
What are the prime factors of 9362698?
2, 4681349
What are the prime factors of 825543?
3, 29, 3163
What are the prime factors of 144172?
2, 7, 19, 271
What are the prime factors of 9499677?
3, 11, 19, 109, 139
What are the prime factors of 54898?
2, 27449
What are the prime factors of 8666596?
2, 419, 5171
List the prime factors of 9336711.
3, 3112237
What are the prime factors of 265195?
5, 7, 7577
List the prime factors of 1143091.
1143091
List the prime factors of 1364109.
3, 137, 3319
List the prime factors of 889488.
2, 3, 29, 71
What are the prime factors of 21920734?
2, 11, 773, 1289
What are the prime factors of 2177845?
5, 435569
List the prime factors of 9969477.
3, 7, 474737
List the prime factors of 785384.
2, 19, 5167
What are the prime factors of 5530921?
11, 53, 179
List the prime factors of 2828124.
2, 3, 13, 6043
What are the prime factors of 185168?
2, 71, 163
What are the prime factors of 37831?
37831
What are the prime factors of 663617?
31, 21407
List the prime factors of 802927.
17, 73, 647
What are the prime factors of 1105019?
1105019
List the prime factors of 62331.
3, 79, 263
List the prime factors of 356114.
2, 11, 16187
List the prime factors of 1754461.
1754461
What are the prime factors of 1154547?
3, 61, 701
What are the prime factors of 7224828?
2, 3, 13, 29, 1597
What are the prime factors of 1816350?
2, 3, 5, 12109
List the prime factors of 24172100.
2, 5, 37, 47, 139
What are the prime factors of 1933709?
1933709
What are the prime factors of 255843?
3, 7, 31, 131
What are the prime factors of 3593380?
2, 5, 7, 25667
What are the prime factors of 13726?
2, 6863
List the prime factors of 1001513.
43, 23291
List the prime factors of 171599.
101, 1699
List the prime factors of 1070998.
2, 535499
List the prime factors of 4851.
3, 7, 11
List the prime factors of 13826046.
2, 3, 13, 177257
List the prime factors of 3201422.
2, 7, 347, 659
List the prime factors of 8402961.
3, 7, 57163
What are the prime factors of 2177432?
2, 272179
What are the prime factors of 649778?
2, 324889
List the prime factors of 383.
383
List the prime factors of 3667516.
2, 916879
List the prime factors of 1329727.
7, 189961
What are the prime factors of 1376964?
2, 3, 23, 1663
List the prime factors of 21721.
7, 29, 107
List the prime factors of 4368539.
7, 73, 83, 103
List the prime factors of 80657.
80657
What are the prime factors of 463231?
463231
What are the prime factors of 567060?
2, 3, 5, 13, 727
List the prime factors of 9082.
2, 19, 239
What are the prime factors of 157935?
3, 5, 10529
What are the prime factors of 99150?
2, 3, 5, 661
List the prime factors of 154699.
154699
What are the prime factors of 254187?
3, 61, 463
What are the prime factors of 16673933?
223, 74771
List the prime factors of 5882.
2, 17, 173
List the prime factors of 1290259.
1290259
What are the prime factors of 8370885?
3, 5, 17, 1931
List the prime factors of 884870.
2, 5, 7, 12641
List the prime factors of 758874.
2, 3, 79, 1601
List the prime factors of 145840.
2, 5, 1823
List the prime factors of 564160.
2, 5, 41, 43
List the prime factors of 158958.
2, 3, 8831
List the prime factors of 3621549.
3, 29, 41627
List the prime factors of 762649.
239, 3191
What are the prime factors of 2894343?
3, 23, 41947
What are the prime factors of 1489328?
2, 93083
What are the prime factors of 136970?
2, 5, 13697
List the prime factors of 64868.
2, 16217
What are the prime factors of 6242990?
2, 5, 13, 48023
List the prime factors of 6749266.
2, 1049, 3217
List the prime factors of 3429806.
2, 23, 74561
What are the prime factors of 126375?
3, 5, 337
What are the prime factors of 13010235?
3, 5, 7, 31, 571
What are the prime factors of 823096?
2, 137, 751
What are the prime factors of 1561409?
97, 16097
What are the prime factors of 11969046?
2, 3, 73883
What are the prime factors of 4802401?
307, 15643
List the prime factors of 3421787.
211, 16217
What are the prime factors of 1455156?
2, 3, 83, 487
What are the prime factors of 772029?
3, 85781
What are the prime factors of 1735031?
433, 4007
What are the prime factors of 1955580?
2, 3, 5, 11, 2963
What are the prime factors of 895562?
2, 197, 2273
List the prime factors of 2427517.
31, 78307
What are the prime factors of 908042?
2, 454021
What are the prime factors of 183684?
2, 3, 15307
List the prime factors of 1123075.
5, 167, 269
What are the prime factors of 11171016?
2, 3, 155153
What are the prime factors of 5560948?
2, 653, 2129
What are the prime factors of 705633?
3, 235211
What are the prime factors of 2590350?
2, 3, 5, 7, 2467
What are the prime factors of 7916279?
7, 101, 11197
